{"id":591,"date":"2025-05-30T14:37:14","date_gmt":"2025-05-30T12:37:14","guid":{"rendered":"https:\/\/www.galerieostrava.cz\/?post_type=product&#038;p=591"},"modified":"2025-05-30T14:39:40","modified_gmt":"2025-05-30T12:39:40","slug":"vladimir-vasicek-2","status":"publish","type":"product","link":"https:\/\/www.galerieostrava.cz\/?product=vladimir-vasicek-2","title":{"rendered":"Vladim\u00edr Va\u0161\u00ed\u010dek"},"content":{"rendered":"","protected":false},"excerpt":{"rendered":"<p>tempera, pap\u00edr, 48\/40cm<\/p>\n","protected":false},"featured_media":592,"template":"","meta":[],"product_cat":[23],"product_tag":[],"_links":{"self":[{"href":"https:\/\/www.galerieostrava.cz\/index.php?rest_route=\/wp\/v2\/product\/591"}],"collection":[{"href":"https:\/\/www.galerieostrava.cz\/index.php?rest_route=\/wp\/v2\/product"}],"about":[{"href":"https:\/\/www.galerieostrava.cz\/index.php?rest_route=\/wp\/v2\/types\/product"}],"wp:featuredmedia":[{"embeddable":true,"href":"https:\/\/www.galerieostrava.cz\/index.php?rest_route=\/wp\/v2\/media\/592"}],"wp:attachment":[{"href":"https:\/\/www.galerieostrava.cz\/index.php?rest_route=%2Fwp%2Fv2%2Fmedia&parent=591"}],"wp:term":[{"taxonomy":"product_cat","embeddable":true,"href":"https:\/\/www.galerieostrava.cz\/index.php?rest_route=%2Fwp%2Fv2%2Fproduct_cat&post=591"},{"taxonomy":"product_tag","embeddable":true,"href":"https:\/\/www.galerieostrava.cz\/index.php?rest_route=%2Fwp%2Fv2%2Fproduct_tag&post=591"}],"curies":[{"name":"wp","href":"https:\/\/api.w.org\/{rel}","templated":true}]}}

Vladimír Vašíček

<p>tempera, papír, 48/40cm</p>
