{"id":539,"date":"2025-05-30T13:49:12","date_gmt":"2025-05-30T11:49:12","guid":{"rendered":"https:\/\/www.galerieostrava.cz\/?post_type=product&#038;p=539"},"modified":"2025-05-30T13:53:55","modified_gmt":"2025-05-30T11:53:55","slug":"jaroslav-mandl","status":"publish","type":"product","link":"https:\/\/www.galerieostrava.cz\/?product=jaroslav-mandl","title":{"rendered":"Jaroslav Mandl"},"content":{"rendered":"","protected":false},"excerpt":{"rendered":"<p>d\u0159ev\u011bn\u00fd reli\u00e9f, \u0159ezba d\u0159evo, 74\/74 cm <\/p>\n","protected":false},"featured_media":541,"template":"","meta":[],"product_cat":[23],"product_tag":[],"_links":{"self":[{"href":"https:\/\/www.galerieostrava.cz\/index.php?rest_route=\/wp\/v2\/product\/539"}],"collection":[{"href":"https:\/\/www.galerieostrava.cz\/index.php?rest_route=\/wp\/v2\/product"}],"about":[{"href":"https:\/\/www.galerieostrava.cz\/index.php?rest_route=\/wp\/v2\/types\/product"}],"wp:featuredmedia":[{"embeddable":true,"href":"https:\/\/www.galerieostrava.cz\/index.php?rest_route=\/wp\/v2\/media\/541"}],"wp:attachment":[{"href":"https:\/\/www.galerieostrava.cz\/index.php?rest_route=%2Fwp%2Fv2%2Fmedia&parent=539"}],"wp:term":[{"taxonomy":"product_cat","embeddable":true,"href":"https:\/\/www.galerieostrava.cz\/index.php?rest_route=%2Fwp%2Fv2%2Fproduct_cat&post=539"},{"taxonomy":"product_tag","embeddable":true,"href":"https:\/\/www.galerieostrava.cz\/index.php?rest_route=%2Fwp%2Fv2%2Fproduct_tag&post=539"}],"curies":[{"name":"wp","href":"https:\/\/api.w.org\/{rel}","templated":true}]}}